{"id":1350,"date":"2025-11-06T15:40:36","date_gmt":"2025-11-06T15:40:36","guid":{"rendered":"https:\/\/vitalicare.cl\/sitio\/?page_id=1350"},"modified":"2025-12-02T05:41:58","modified_gmt":"2025-12-02T05:41:58","slug":"nuestros-box","status":"publish","type":"page","link":"https:\/\/vitalicare.cl\/sitio\/nuestros-box\/","title":{"rendered":"Nuestros Box"},"content":{"rendered":"\t\t<div data-elementor-type=\"wp-page\" data-elementor-id=\"1350\" class=\"elementor elementor-1350\" data-elementor-post-type=\"page\">\n\t\t\t\t\t\t<section class=\"elementor-section elementor-top-section elementor-element elementor-element-76577ab elementor-section-boxed elementor-section-height-default elementor-section-height-default\" data-id=\"76577ab\" data-element_type=\"section\" data-settings=\"{&quot;jet_parallax_layout_list&quot;:[{&quot;jet_parallax_layout_image&quot;:{&quot;url&quot;:&quot;&quot;,&quot;id&quot;:&quot;&quot;,&quot;size&quot;:&quot;&quot;},&quot;_id&quot;:&quot;5d81e31&quot;,&quot;jet_parallax_layout_image_tablet&quot;:{&quot;url&quot;:&quot;&quot;,&quot;id&quot;:&quot;&quot;,&quot;size&quot;:&quot;&quot;},&quot;jet_parallax_layout_image_mobile&quot;:{&quot;url&quot;:&quot;&quot;,&quot;id&quot;:&quot;&quot;,&quot;size&quot;:&quot;&quot;},&quot;jet_parallax_layout_speed&quot;:{&quot;unit&quot;:&quot;%&quot;,&quot;size&quot;:50,&quot;sizes&quot;:[]},&quot;jet_parallax_layout_type&quot;:&quot;scroll&quot;,&quot;jet_parallax_layout_direction&quot;:&quot;1&quot;,&quot;jet_parallax_layout_fx_direction&quot;:null,&quot;jet_parallax_layout_z_index&quot;:&quot;&quot;,&quot;jet_parallax_layout_bg_x&quot;:50,&quot;jet_parallax_layout_bg_x_tablet&quot;:&quot;&quot;,&quot;jet_parallax_layout_bg_x_mobile&quot;:&quot;&quot;,&quot;jet_parallax_layout_bg_y&quot;:50,&quot;jet_parallax_layout_bg_y_tablet&quot;:&quot;&quot;,&quot;jet_parallax_layout_bg_y_mobile&quot;:&quot;&quot;,&quot;jet_parallax_layout_bg_size&quot;:&quot;auto&quot;,&quot;jet_parallax_layout_bg_size_tablet&quot;:&quot;&quot;,&quot;jet_parallax_layout_bg_size_mobile&quot;:&quot;&quot;,&quot;jet_parallax_layout_animation_prop&quot;:&quot;transform&quot;,&quot;jet_parallax_layout_on&quot;:[&quot;desktop&quot;,&quot;tablet&quot;]}]}\">\n\t\t\t\t\t\t<div class=\"elementor-container elementor-column-gap-default\">\n\t\t\t\t\t<div class=\"elementor-column elementor-col-100 elementor-top-column elementor-element elementor-element-20d9957\" data-id=\"20d9957\" data-element_type=\"column\">\n\t\t\t<div class=\"elementor-widget-wrap elementor-element-populated\">\n\t\t\t\t\t\t<div class=\"elementor-element elementor-element-54cc720 elementor-widget elementor-widget-text-editor\" data-id=\"54cc720\" data-element_type=\"widget\" data-widget_type=\"text-editor.default\">\n\t\t\t\t\t\t\t\t\t<p>Profesionales y Box en Arriendo<\/p>\t\t\t\t\t\t\t\t<\/div>\n\t\t\t\t<div class=\"elementor-element elementor-element-32cf7e8 elementor-widget elementor-widget-heading\" data-id=\"32cf7e8\" data-element_type=\"widget\" data-widget_type=\"heading.default\">\n\t\t\t\t\t<h1 class=\"elementor-heading-title elementor-size-default\">Box completamente equipados.<\/h1>\t\t\t\t<\/div>\n\t\t\t\t<div class=\"elementor-element elementor-element-7afba43 elementor-widget elementor-widget-text-editor\" data-id=\"7afba43\" data-element_type=\"widget\" data-widget_type=\"text-editor.default\">\n\t\t\t\t\t\t\t\t\t<h3>Conf\u00eda en nuestra experiencia y trayectoria.<\/h3>\t\t\t\t\t\t\t\t<\/div>\n\t\t\t\t\t<\/div>\n\t\t<\/div>\n\t\t\t\t\t<\/div>\n\t\t<\/section>\n\t\t<div class=\"elementor-element elementor-element-0170bbe e-flex e-con-boxed e-con e-parent\" data-id=\"0170bbe\" data-element_type=\"container\" data-settings=\"{&quot;jet_parallax_layout_list&quot;:[]}\">\n\t\t\t\t\t<div class=\"e-con-inner\">\n\t\t\t\t<div class=\"elementor-element elementor-element-0952c40 elementor-widget elementor-widget-text-editor\" data-id=\"0952c40\" data-element_type=\"widget\" data-widget_type=\"text-editor.default\">\n\t\t\t\t\t\t\t\t\t<h3 class=\"_7ATl0g aZskFA u16U_g mKhvSg\">Ubicaci\u00f3n estrat\u00e9gica.<\/h3><p class=\"aWBg0w aZskFA u16U_g mKhvSg\">Estamos emplazados centro neur\u00e1lgico de salud ubicado en el coraz\u00f3n de Valdivia. En nuestro centro, nos enorgullecemos de ofrecer <span class=\"VgvqkQ aZskFA u16U_g\">infraestructura de primera l\u00ednea<\/span> que garantiza una atenci\u00f3n de calidad y comodidad para todos nuestros visitantes.<\/p><h3 class=\"_5Gynyg aZskFA u16U_g mKhvSg\">Instalaciones de Vanguardia.<\/h3><div class=\"aWBg0w aZskFA u16U_g mKhvSg\"><ul class=\"lhw4dw\"><li><p class=\"aWBg0w aZskFA u16U_g mKhvSg\"><span class=\"VgvqkQ aZskFA u16U_g\">Box Personalizables<\/span>: Adaptamos los espacios seg\u00fan las necesidades de cada profesional, asegurando una experiencia personalizada.<\/p><\/li><li><p class=\"aWBg0w aZskFA u16U_g mKhvSg\"><span class=\"VgvqkQ aZskFA u16U_g\">Box de Procedimientos<\/span>: Dise\u00f1ados para llevar a cabo intervenciones espec\u00edficas, estos espacios nos diferencian y destacan por su funcionalidad y equipamiento.<\/p><\/li><\/ul><\/div><h3 class=\"_5Gynyg aZskFA u16U_g mKhvSg\">Servicios y Comodidades.<\/h3><p class=\"aWBg0w aZskFA u16U_g mKhvSg\">Nuestro centro est\u00e1 dise\u00f1ado pensando en el bienestar de nuestros pacientes:<\/p><div class=\"aWBg0w aZskFA u16U_g mKhvSg\"><ul class=\"lhw4dw\"><li><p class=\"aWBg0w aZskFA u16U_g mKhvSg\"><span class=\"VgvqkQ aZskFA u16U_g\">Recepcionista Amable<\/span>: Nuestro personal de recepci\u00f3n est\u00e1 siempre listo para asistir y guiar a nuestros visitantes con amabilidad y eficiencia.<\/p><\/li><li><p class=\"aWBg0w aZskFA u16U_g mKhvSg\"><span class=\"VgvqkQ aZskFA u16U_g\">Sala de Estar Confortable<\/span>: Un \u00e1rea de espera climatizada y acogedora, ideal para que nuestros pacientes y sus acompa\u00f1antes se sientan a gusto.<\/p><\/li><\/ul><\/div><h3 class=\"_5Gynyg aZskFA u16U_g mKhvSg\">Compromiso con la Sostenibilidad.<\/h3><p class=\"aWBg0w aZskFA u16U_g mKhvSg\">Nos comprometemos con el medio ambiente utilizando <span class=\"VgvqkQ aZskFA u16U_g\">energ\u00edas sustentables<\/span>. Adem\u00e1s, contamos con todos los permisos necesarios para operar, asegurando que nuestras pr\u00e1cticas cumplen con las normativas vigentes.<\/p><h3 class=\"_5Gynyg aZskFA u16U_g mKhvSg\">Accesibilidad y Experiencia.<\/h3><div class=\"aWBg0w aZskFA u16U_g mKhvSg\"><ul class=\"lhw4dw\"><li><p class=\"aWBg0w aZskFA u16U_g mKhvSg\"><span class=\"VgvqkQ aZskFA u16U_g\">Contamos con Rampa Universal<\/span>: Para facilitar el acceso a personas con movilidad reducida,\u00a0 que garantizan el acceso a las personas para todas las especialidades disponibles.<\/p><\/li><li><p class=\"aWBg0w aZskFA u16U_g mKhvSg\"><span class=\"VgvqkQ aZskFA u16U_g\">Enfoque en la Experiencia del Paciente<\/span>: Cada detalle en nuestro centro est\u00e1 dise\u00f1ado para crear una experiencia amigable y acogedora, priorizando siempre el bienestar de las personas.<\/p><\/li><\/ul><\/div><p class=\"aWBg0w aZskFA u16U_g mKhvSg\">En nuestro centro de salud, nos preocupamos por cada detalle para ofrecer un servicio excepcional. \u00a1Esperamos poder atenderte pronto y ser parte de tu camino hacia un mejor bienestar!<\/p>\t\t\t\t\t\t\t\t<\/div>\n\t\t\t\t\t<\/div>\n\t\t\t\t<\/div>\n\t\t<div class=\"elementor-element elementor-element-be2f263 e-flex e-con-boxed e-con e-parent\" data-id=\"be2f263\" data-element_type=\"container\" data-settings=\"{&quot;jet_parallax_layout_list&quot;:[]}\">\n\t\t\t\t\t<div class=\"e-con-inner\">\n\t\t\t\t<div class=\"elementor-element elementor-element-07d2303 elementor-widget elementor-widget-heading\" data-id=\"07d2303\" data-element_type=\"widget\" data-widget_type=\"heading.default\">\n\t\t\t\t\t<h2 class=\"elementor-heading-title elementor-size-default\">Quieres arrendar un Box en nuestro centro medico?<\/h2>\t\t\t\t<\/div>\n\t\t\t\t\t<\/div>\n\t\t\t\t<\/div>\n\t\t<div class=\"elementor-element elementor-element-f47b2a4 e-flex e-con-boxed e-con e-parent\" data-id=\"f47b2a4\" data-element_type=\"container\" data-settings=\"{&quot;jet_parallax_layout_list&quot;:[]}\">\n\t\t\t\t\t<div class=\"e-con-inner\">\n\t\t\t\t<div class=\"elementor-element elementor-element-14afa90 elementor-widget elementor-widget-text-editor\" data-id=\"14afa90\" data-element_type=\"widget\" data-widget_type=\"text-editor.default\">\n\t\t\t\t\t\t\t\t\t<h3 class=\"_7ATl0g aZskFA u16U_g mKhvSg\">Informaci\u00f3n sobre el arriendo de box en nuestro centro m\u00e9dico<\/h3><p class=\"aWBg0w aZskFA u16U_g mKhvSg\">En nuestro centro m\u00e9dico, ofrecemos la oportunidad de <span class=\"VgvqkQ aZskFA u16U_g\">arendar un box<\/span> dise\u00f1ado para satisfacer todas tus necesidades profesionales. Contamos con una amplia gama de opciones personalizables para que puedas encontrar la soluci\u00f3n perfecta para ti y tus pacientes.<\/p><h3 class=\"_5Gynyg aZskFA u16U_g mKhvSg\">Beneficios de arrendar un box con nosotros.<\/h3><div class=\"aWBg0w aZskFA u16U_g mKhvSg\"><ul class=\"lhw4dw\"><li><p class=\"aWBg0w aZskFA u16U_g mKhvSg\"><span class=\"VgvqkQ aZskFA u16U_g\">Equipamiento Completo<\/span>: Nuestros boxes est\u00e1n equipados con la \u00faltima tecnolog\u00eda m\u00e9dica, garantizando que tengas todo lo necesario para brindar una atenci\u00f3n de calidad.<\/p><\/li><li><p class=\"aWBg0w aZskFA u16U_g mKhvSg\"><span class=\"VgvqkQ aZskFA u16U_g\">Infraestructura de Primera Clase<\/span>: Nuestras instalaciones est\u00e1n dise\u00f1adas con un enfoque en la comodidad y eficiencia, asegurando un entorno profesional y acogedor tanto para ti como para tus pacientes.<\/p><\/li><li><p class=\"aWBg0w aZskFA u16U_g mKhvSg\"><span class=\"VgvqkQ aZskFA u16U_g\">Flexibilidad<\/span>: Ofrecemos opciones de arriendo que se adaptan a tus necesidades y el equipamiento que necesitas\u00a0<\/p><\/li><li><p class=\"aWBg0w aZskFA u16U_g mKhvSg\"><span class=\"VgvqkQ aZskFA u16U_g\">Ubicaci\u00f3n Estrat\u00e9gica<\/span>: Nuestro centro m\u00e9dico est\u00e1 ubicado en una zona de f\u00e1cil acceso, lo que facilita el desplazamiento tanto para ti como para tus pacientes.<\/p><\/li><\/ul><\/div><h3 class=\"_5Gynyg aZskFA u16U_g mKhvSg\">Opciones Personalizables.<\/h3><p class=\"aWBg0w aZskFA u16U_g mKhvSg\">Entendemos que cada profesional tiene necesidades \u00fanicas, por lo que ofrecemos la posibilidad de personalizar tu box para que se ajuste exactamente a lo que buscas. Esto incluye la disposici\u00f3n del mobiliario, equipos adicionales si son necesarios, y la decoraci\u00f3n que prefieras para crear el ambiente perfecto.<\/p><h3 class=\"_5Gynyg aZskFA u16U_g mKhvSg\">\u00bfPor qu\u00e9 elegirnos?<\/h3><p class=\"aWBg0w aZskFA u16U_g mKhvSg\">Optar por arrendar un box en nuestro centro m\u00e9dico significa beneficiarse de un entorno de trabajo profesional, moderno y bien equipado. Nos comprometemos a ofrecer un servicio excepcional y a apoyar a nuestros arrendatarios en todo lo que necesiten para que puedan concentrarse en lo que mejor saben hacer: cuidar de sus pacientes.<\/p><p class=\"aWBg0w aZskFA u16U_g mKhvSg\">Si est\u00e1s interesado en obtener m\u00e1s informaci\u00f3n o deseas visitar nuestras instalaciones, no dudes en contactarnos. Estamos aqu\u00ed para ayudarte a encontrar la mejor soluci\u00f3n para tu pr\u00e1ctica m\u00e9dica.<\/p>\t\t\t\t\t\t\t\t<\/div>\n\t\t\t\t\t<\/div>\n\t\t\t\t<\/div>\n\t\t<div class=\"elementor-element elementor-element-45d5497 e-flex e-con-boxed e-con e-parent\" data-id=\"45d5497\" data-element_type=\"container\" data-settings=\"{&quot;jet_parallax_layout_list&quot;:[]}\">\n\t\t\t\t\t<div class=\"e-con-inner\">\n\t\t\t\t<div class=\"elementor-element elementor-element-861937e elementor-widget elementor-widget-heading\" data-id=\"861937e\" data-element_type=\"widget\" data-widget_type=\"heading.default\">\n\t\t\t\t\t<h2 class=\"elementor-heading-title elementor-size-default\">Nuestros Box o consultas:<\/h2>\t\t\t\t<\/div>\n\t\t\t\t\t<\/div>\n\t\t\t\t<\/div>\n\t\t<div class=\"elementor-element elementor-element-93630f9 e-flex e-con-boxed e-con e-parent\" data-id=\"93630f9\" data-element_type=\"container\" data-settings=\"{&quot;jet_parallax_layout_list&quot;:[]}\">\n\t\t\t\t\t<div class=\"e-con-inner\">\n\t\t<div class=\"elementor-element elementor-element-82b5432 e-con-full e-flex e-con e-child\" data-id=\"82b5432\" data-element_type=\"container\" data-settings=\"{&quot;jet_parallax_layout_list&quot;:[]}\">\n\t\t\t\t<div class=\"elementor-element elementor-element-edaccc7 elementor-widget elementor-widget-heading\" data-id=\"edaccc7\" data-element_type=\"widget\" data-widget_type=\"heading.default\">\n\t\t\t\t\t<h2 class=\"elementor-heading-title elementor-size-default\">BOX 1<\/h2>\t\t\t\t<\/div>\n\t\t\t\t<div class=\"elementor-element elementor-element-9fee647 elementor-widget elementor-widget-video\" data-id=\"9fee647\" data-element_type=\"widget\" data-settings=\"{&quot;video_type&quot;:&quot;hosted&quot;,&quot;controls&quot;:&quot;yes&quot;}\" data-widget_type=\"video.default\">\n\t\t\t\t\t\t\t<div class=\"e-hosted-video elementor-wrapper elementor-open-inline\">\n\t\t\t\t\t<video class=\"elementor-video\" src=\"https:\/\/vitalicare.cl\/sitio\/wp-content\/uploads\/2025\/11\/box01.mp4\" controls=\"\" preload=\"metadata\" controlsList=\"nodownload\"><\/video>\n\t\t\t\t<\/div>\n\t\t\t\t\t\t<\/div>\n\t\t\t\t<\/div>\n\t\t<div class=\"elementor-element elementor-element-6543fc5 e-con-full e-flex e-con e-child\" data-id=\"6543fc5\" data-element_type=\"container\" data-settings=\"{&quot;jet_parallax_layout_list&quot;:[]}\">\n\t\t\t\t<div class=\"elementor-element elementor-element-5e2ceab elementor-widget elementor-widget-heading\" data-id=\"5e2ceab\" data-element_type=\"widget\" data-widget_type=\"heading.default\">\n\t\t\t\t\t<h2 class=\"elementor-heading-title elementor-size-default\">BOX 2<\/h2>\t\t\t\t<\/div>\n\t\t\t\t<div class=\"elementor-element elementor-element-3119aa1 elementor-widget elementor-widget-video\" data-id=\"3119aa1\" data-element_type=\"widget\" data-settings=\"{&quot;video_type&quot;:&quot;hosted&quot;,&quot;controls&quot;:&quot;yes&quot;}\" data-widget_type=\"video.default\">\n\t\t\t\t\t\t\t<div class=\"e-hosted-video elementor-wrapper elementor-open-inline\">\n\t\t\t\t\t<video class=\"elementor-video\" src=\"https:\/\/vitalicare.cl\/sitio\/wp-content\/uploads\/2025\/11\/BOX02.mp4\" controls=\"\" preload=\"metadata\" controlsList=\"nodownload\"><\/video>\n\t\t\t\t<\/div>\n\t\t\t\t\t\t<\/div>\n\t\t\t\t<\/div>\n\t\t<div class=\"elementor-element elementor-element-7ac1757 e-con-full e-flex e-con e-child\" data-id=\"7ac1757\" data-element_type=\"container\" data-settings=\"{&quot;jet_parallax_layout_list&quot;:[]}\">\n\t\t\t\t<div class=\"elementor-element elementor-element-d3ec47a elementor-widget elementor-widget-heading\" data-id=\"d3ec47a\" data-element_type=\"widget\" data-widget_type=\"heading.default\">\n\t\t\t\t\t<h2 class=\"elementor-heading-title elementor-size-default\">BOX 3<\/h2>\t\t\t\t<\/div>\n\t\t\t\t<div class=\"elementor-element elementor-element-2eaae30 elementor-widget elementor-widget-video\" data-id=\"2eaae30\" data-element_type=\"widget\" data-settings=\"{&quot;video_type&quot;:&quot;hosted&quot;,&quot;controls&quot;:&quot;yes&quot;}\" data-widget_type=\"video.default\">\n\t\t\t\t\t\t\t<div class=\"e-hosted-video elementor-wrapper elementor-open-inline\">\n\t\t\t\t\t<video class=\"elementor-video\" src=\"https:\/\/vitalicare.cl\/sitio\/wp-content\/uploads\/2025\/11\/BOX03.mp4\" controls=\"\" preload=\"metadata\" controlsList=\"nodownload\"><\/video>\n\t\t\t\t<\/div>\n\t\t\t\t\t\t<\/div>\n\t\t\t\t<\/div>\n\t\t<div class=\"elementor-element elementor-element-8552254 e-con-full e-flex e-con e-child\" data-id=\"8552254\" data-element_type=\"container\" data-settings=\"{&quot;jet_parallax_layout_list&quot;:[]}\">\n\t\t\t\t<div class=\"elementor-element elementor-element-0a5634b elementor-widget elementor-widget-heading\" data-id=\"0a5634b\" data-element_type=\"widget\" data-widget_type=\"heading.default\">\n\t\t\t\t\t<h2 class=\"elementor-heading-title elementor-size-default\">BOX 4<\/h2>\t\t\t\t<\/div>\n\t\t\t\t<div class=\"elementor-element elementor-element-fe6d00e elementor-widget elementor-widget-video\" data-id=\"fe6d00e\" data-element_type=\"widget\" data-settings=\"{&quot;video_type&quot;:&quot;hosted&quot;,&quot;controls&quot;:&quot;yes&quot;}\" data-widget_type=\"video.default\">\n\t\t\t\t\t\t\t<div class=\"e-hosted-video elementor-wrapper elementor-open-inline\">\n\t\t\t\t\t<video class=\"elementor-video\" src=\"https:\/\/vitalicare.cl\/sitio\/wp-content\/uploads\/2025\/11\/box-4-video-.mp4\" controls=\"\" preload=\"metadata\" controlsList=\"nodownload\"><\/video>\n\t\t\t\t<\/div>\n\t\t\t\t\t\t<\/div>\n\t\t\t\t<\/div>\n\t\t<div class=\"elementor-element elementor-element-c9811c3 e-con-full e-flex e-con e-child\" data-id=\"c9811c3\" data-element_type=\"container\" data-settings=\"{&quot;jet_parallax_layout_list&quot;:[]}\">\n\t\t\t\t<div class=\"elementor-element elementor-element-bab7ac4 elementor-widget elementor-widget-heading\" data-id=\"bab7ac4\" data-element_type=\"widget\" data-widget_type=\"heading.default\">\n\t\t\t\t\t<h2 class=\"elementor-heading-title elementor-size-default\">BOX 5<\/h2>\t\t\t\t<\/div>\n\t\t\t\t<div class=\"elementor-element elementor-element-f3d7030 elementor-widget elementor-widget-video\" data-id=\"f3d7030\" data-element_type=\"widget\" data-settings=\"{&quot;video_type&quot;:&quot;hosted&quot;,&quot;controls&quot;:&quot;yes&quot;}\" data-widget_type=\"video.default\">\n\t\t\t\t\t\t\t<div class=\"e-hosted-video elementor-wrapper elementor-open-inline\">\n\t\t\t\t\t<video class=\"elementor-video\" src=\"https:\/\/vitalicare.cl\/sitio\/wp-content\/uploads\/2025\/11\/BOX-5-video.mp4\" controls=\"\" preload=\"metadata\" controlsList=\"nodownload\"><\/video>\n\t\t\t\t<\/div>\n\t\t\t\t\t\t<\/div>\n\t\t\t\t<\/div>\n\t\t<div class=\"elementor-element elementor-element-baf8437 e-con-full e-flex e-con e-child\" data-id=\"baf8437\" data-element_type=\"container\" data-settings=\"{&quot;jet_parallax_layout_list&quot;:[]}\">\n\t\t\t\t<div class=\"elementor-element elementor-element-dbf7937 elementor-widget elementor-widget-heading\" data-id=\"dbf7937\" data-element_type=\"widget\" data-widget_type=\"heading.default\">\n\t\t\t\t\t<h2 class=\"elementor-heading-title elementor-size-default\">BOX 6<\/h2>\t\t\t\t<\/div>\n\t\t\t\t<div class=\"elementor-element elementor-element-876647c elementor-widget elementor-widget-video\" data-id=\"876647c\" data-element_type=\"widget\" data-settings=\"{&quot;video_type&quot;:&quot;hosted&quot;,&quot;controls&quot;:&quot;yes&quot;}\" data-widget_type=\"video.default\">\n\t\t\t\t\t\t\t<div class=\"e-hosted-video elementor-wrapper elementor-open-inline\">\n\t\t\t\t\t<video class=\"elementor-video\" src=\"https:\/\/vitalicare.cl\/sitio\/wp-content\/uploads\/2025\/11\/BOX-6-video.mp4\" controls=\"\" preload=\"metadata\" controlsList=\"nodownload\"><\/video>\n\t\t\t\t<\/div>\n\t\t\t\t\t\t<\/div>\n\t\t\t\t<\/div>\n\t\t\t\t\t<\/div>\n\t\t\t\t<\/div>\n\t\t<div class=\"elementor-element elementor-element-864e294 e-flex e-con-boxed e-con e-parent\" data-id=\"864e294\" data-element_type=\"container\" data-settings=\"{&quot;jet_parallax_layout_list&quot;:[]}\">\n\t\t\t\t\t<div class=\"e-con-inner\">\n\t\t\t\t\t<\/div>\n\t\t\t\t<\/div>\n\t\t<div class=\"elementor-element elementor-element-9ff9f90 e-flex e-con-boxed e-con e-parent\" data-id=\"9ff9f90\" data-element_type=\"container\" data-settings=\"{&quot;jet_parallax_layout_list&quot;:[]}\">\n\t\t\t\t\t<div class=\"e-con-inner\">\n\t\t\t\t<div class=\"elementor-element elementor-element-41dc06a elementor-widget elementor-widget-text-editor\" data-id=\"41dc06a\" data-element_type=\"widget\" data-widget_type=\"text-editor.default\">\n\t\t\t\t\t\t\t\t\t<h3>Cont\u00e1ctanos al +56958898046 o a trav\u00e9s de nuestro formulario de contacto:<\/h3>\t\t\t\t\t\t\t\t<\/div>\n\t\t\t\t\t<\/div>\n\t\t\t\t<\/div>\n\t\t<div class=\"elementor-element elementor-element-7da353f e-flex e-con-boxed e-con e-parent\" data-id=\"7da353f\" data-element_type=\"container\" data-settings=\"{&quot;jet_parallax_layout_list&quot;:[]}\">\n\t\t\t\t\t<div class=\"e-con-inner\">\n\t\t\t\t<div class=\"elementor-element elementor-element-0a34373 elementor-widget elementor-widget-html\" data-id=\"0a34373\" data-element_type=\"widget\" data-widget_type=\"html.default\">\n\t\t\t\t\t\n<div class=\"wpcf7 no-js\" id=\"wpcf7-f1453-o1\" lang=\"es-ES\" dir=\"ltr\" data-wpcf7-id=\"1453\">\n<div class=\"screen-reader-response\"><p role=\"status\" aria-live=\"polite\" aria-atomic=\"true\"><\/p> <ul><\/ul><\/div>\n<form action=\"\/sitio\/wp-json\/wp\/v2\/pages\/1350#wpcf7-f1453-o1\" method=\"post\" class=\"wpcf7-form init\" aria-label=\"Formulario de contacto\" novalidate=\"novalidate\" data-status=\"init\">\n<fieldset class=\"hidden-fields-container\"><input type=\"hidden\" name=\"_wpcf7\" value=\"1453\" \/><input type=\"hidden\" name=\"_wpcf7_version\" value=\"6.1.1\" \/><input type=\"hidden\" name=\"_wpcf7_locale\" value=\"es_ES\" \/><input type=\"hidden\" name=\"_wpcf7_unit_tag\" value=\"wpcf7-f1453-o1\" \/><input type=\"hidden\" name=\"_wpcf7_container_post\" value=\"0\" \/><input type=\"hidden\" name=\"_wpcf7_posted_data_hash\" value=\"\" \/>\n<\/fieldset>\n<p><label> Tu nombre<br \/>\n<span class=\"wpcf7-form-control-wrap\" data-name=\"your-name\"><input size=\"40\" maxlength=\"400\" class=\"wpcf7-form-control wpcf7-text wpcf7-validates-as-required\" autocomplete=\"name\" aria-required=\"true\" aria-invalid=\"false\" value=\"\" type=\"text\" name=\"your-name\" \/><\/span> <\/label>\n<\/p>\n<p><label> Tu correo electr\u00f3nico<br \/>\n<span class=\"wpcf7-form-control-wrap\" data-name=\"your-email\"><input size=\"40\" maxlength=\"400\" class=\"wpcf7-form-control wpcf7-email wpcf7-validates-as-required wpcf7-text wpcf7-validates-as-email\" autocomplete=\"email\" aria-required=\"true\" aria-invalid=\"false\" value=\"\" type=\"email\" name=\"your-email\" \/><\/span> <\/label>\n<\/p>\n<p><label> Especialidad o uso para el box<br \/>\n<span class=\"wpcf7-form-control-wrap\" data-name=\"your-subject\"><input size=\"40\" maxlength=\"400\" class=\"wpcf7-form-control wpcf7-text wpcf7-validates-as-required\" aria-required=\"true\" aria-invalid=\"false\" value=\"\" type=\"text\" name=\"your-subject\" \/><\/span> <\/label>\n<\/p>\n<p><label> Tu requerimiento o que necesitas<br \/>\n<span class=\"wpcf7-form-control-wrap\" data-name=\"your-message\"><textarea cols=\"40\" rows=\"10\" maxlength=\"2000\" class=\"wpcf7-form-control wpcf7-textarea\" aria-invalid=\"false\" name=\"your-message\"><\/textarea><\/span> <\/label>\n<\/p>\n<p><input class=\"wpcf7-form-control wpcf7-submit has-spinner\" type=\"submit\" value=\"Enviar\" \/>\n<\/p><div class=\"wpcf7-response-output\" aria-hidden=\"true\"><\/div>\n<\/form>\n<\/div>\n\t\t\t\t<\/div>\n\t\t\t\t\t<\/div>\n\t\t\t\t<\/div>\n\t\t<div class=\"elementor-element elementor-element-568ef2c e-flex e-con-boxed e-con e-parent\" data-id=\"568ef2c\" data-element_type=\"container\" data-settings=\"{&quot;jet_parallax_layout_list&quot;:[]}\">\n\t\t\t\t\t<div class=\"e-con-inner\">\n\t\t\t\t\t<\/div>\n\t\t\t\t<\/div>\n\t\t\t\t<\/div>\n\t\t","protected":false},"excerpt":{"rendered":"<p>Profesionales y Box en Arriendo Box completamente equipados. Conf\u00eda en nuestra experiencia y trayectoria. Ubicaci\u00f3n estrat\u00e9gica. Estamos emplazados centro neur\u00e1lgico de salud ubicado en el coraz\u00f3n de Valdivia. En nuestro centro, nos enorgullecemos de ofrecer infraestructura de primera l\u00ednea que garantiza una atenci\u00f3n de calidad y comodidad para todos nuestros visitantes. Instalaciones de Vanguardia. Box [&hellip;]<\/p>\n","protected":false},"author":1,"featured_media":0,"parent":0,"menu_order":0,"comment_status":"closed","ping_status":"closed","template":"elementor_header_footer","meta":{"pagelayer_contact_templates":[],"_pagelayer_content":"","footnotes":""},"class_list":["post-1350","page","type-page","status-publish","hentry"],"_links":{"self":[{"href":"https:\/\/vitalicare.cl\/sitio\/wp-json\/wp\/v2\/pages\/1350","targetHints":{"allow":["GET"]}}],"collection":[{"href":"https:\/\/vitalicare.cl\/sitio\/wp-json\/wp\/v2\/pages"}],"about":[{"href":"https:\/\/vitalicare.cl\/sitio\/wp-json\/wp\/v2\/types\/page"}],"author":[{"embeddable":true,"href":"https:\/\/vitalicare.cl\/sitio\/wp-json\/wp\/v2\/users\/1"}],"replies":[{"embeddable":true,"href":"https:\/\/vitalicare.cl\/sitio\/wp-json\/wp\/v2\/comments?post=1350"}],"version-history":[{"count":30,"href":"https:\/\/vitalicare.cl\/sitio\/wp-json\/wp\/v2\/pages\/1350\/revisions"}],"predecessor-version":[{"id":1723,"href":"https:\/\/vitalicare.cl\/sitio\/wp-json\/wp\/v2\/pages\/1350\/revisions\/1723"}],"wp:attachment":[{"href":"https:\/\/vitalicare.cl\/sitio\/wp-json\/wp\/v2\/media?parent=1350"}],"curies":[{"name":"wp","href":"https:\/\/api.w.org\/{rel}","templated":true}]}}